 n be i(-1). Calculate the greatest common divisor of 5 and n.
5
Suppose -2*h - 4*k + 160 = 0, 0 = h + 2*k - k - 85. Calculate the highest common divisor of 10 and h.
10
Let r = -77 + 133. Suppose 5*x + 24 + 16 = 0. Let o(b) = -b - 1. Let k be o(x). What is the greatest common divisor of k and r?
7
Let y be 1/2 - (-18)/4. Let x = 8 - y. Suppose -2*q = -x*q + 40. Calculate the highest common divisor of 10 and q.
10
Let f(q) = q + 16. Let a be f(-5). Calculate the highest common factor of 22 and a.
11
Let k = 12 + -10. Let r be (-178)/(-10) + k/10. Calculate the greatest common divisor of r and 90.
18
Let j = -2 - -2. Let t be j/(-1*2/1). Suppose -4*c + 2*c = 5*x - 405, t = -3*c. Calculate the highest common divisor of x and 9.
9
Let m = 37 - 12. What is the highest common divisor of 10 and m?
5
Let t = 29 + 1. Calculate the greatest common divisor of t and 12.
6
Suppose 5*h = -w + 3*w - 4, 0 = -5*h - 5*w - 25. Let k(r) = r**2 + r. Let q be k(h). Suppose 0 = -q*p + 5 + 31. What is the highest common divisor of p and 2?
2
Suppose 5*q = 3*k + 4*q + 28, 60 = -5*k - 5*q. Let s = k + 16. Let m = s + 4. Calculate the greatest common divisor of 80 and m.
10
Let x = 7 + -2. Suppose u - x - 7 = 0. Calculate the highest common factor of 36 and u.
12
Suppose 0 = -0*y - y + 1. Let g be 6*(y - (-58)/6). Let l = 60 - 52. What is the highest common factor of l and g?
8
Suppose 2*y = -8, 2*x + 0*x + 5*y + 6 = 0. Let k = x - 4. What is the greatest common divisor of 24 and k?
3
Let h(b) = b**3 - 5*b**2 - 6*b + 8. Let m be h(6). Let y be 2 - m/(-6)*3. Let t be 3*y/(-9) - -10. Calculate the highest common factor of t and 80.
8
Let c(r) = -r**3 - 5*r**2 - 5*r. Let m be c(-5). Let v(h) = -h**2 + 3. Let s be v(4). Let x = s + m. Calculate the greatest common factor of 84 and x.
12
Let o be -2 - -5 - (-1 + 3). Let g = 2 + o. What is the highest common divisor of g and 15?
3
Let q(c) = 3*c + 75. Let p(l) = -l - 25. Let f(w) = 8*p(w) + 3*q(w). Let o be f(0). What is the highest common divisor of 175 and o?
25
Let g = -38 - -36. Suppose 4*p + 4*n + 20 = 0, -2*n + 6*n = 4*p + 4. Let w be (-14 - p)/(g/2). What is the highest common factor of w and 11?
11
Let y = -29 + 35. What is the greatest common factor of y and 18?
6
Suppose -9*k + 287 + 100 = 0. Calculate the greatest common divisor of k and 301.
43
Let n(p) = -3*p**2 - 3*p - 2. Let a be n(-4). Let o = 77 + a. What is the greatest common factor of o and 26?
13
Let u = 20 + -11. Let l be u*((-87)/(-9) + -1). Calculate the greatest common divisor of 13 and l.
13
Let l be (-2)/(-1) + 0/(-1). Suppose -9 = -3*t - 3*n, l*n + 0*n + 9 = 3*t. Suppose -t*q + 17 = -7. Calculate the highest common divisor of 8 and q.
8
Let i(n) = 2*n**2 - 4*n + 3. Let d be i(2). Let c be (3 + 20/(-6))*21. Let o = c - -10. Calculate the greatest common factor of d and o.
3
Let a = 114 + -74. Suppose -5*g + 5*j - 10 = 0, -2*g + 17 + 9 = 4*j. Suppose 3*s - g = 27. Calculate the greatest common factor of a and s.
10
Let d(s) = s + 4. Let r be d(-3). Let x(i) be the second derivative of 5*i**4/6 + i**2/2 + 8*i. Let v be x(1). What is the greatest common factor of r and v?
1
Suppose -3*v + 9 = 3. Suppose 0 = -4*s + 17 - 1. Suppose u - s*u + 54 = 0. Calculate the greatest common factor of v and u.
2
Let d(y) = -10*y - 6. Let z be d(-6). Suppose 0 = i - 3*x - 42, i + 0*x - 28 = -4*x. What is the greatest common divisor of i and z?
18
Suppose -4*d = -75 - 21. What is the highest common divisor of 60 and d?
12
Suppose 150 = 3*y + 3*v, -y + 2*v + 2*v = -70. Suppose 0 = w + 2*w - y. What is the greatest common divisor of 6 and w?
6
Suppose 0 = 6*b - 4*b. Suppose 0 = -b*c + 3*c - 54. Calculate the greatest common factor of c and 2.
2
Let k(s) = s**3 + 11*s**2 - s - 5. Let i be k(-5). Let w(q) = 5*q**3 - 5*q**2 + 7*q - 4. Let b be w(2). Calculate the highest common factor of i and b.
30
Let a = 21 - -27. Calculate the greatest common factor of a and 16.
16
Let c(f) = -2*f - 2. Let v be c(-5). Let y = -25 - -27. What is the greatest common divisor of v and y?
2
Suppose 11*o - 27 = 10*o - 2*h, -57 = -3*o + 2*h. Let i be (-2)/(-3) + (-1130)/(-6). What is the greatest common divisor of i and o?
21
Let u be 2/(-5) + 6/15. Suppose -4*c - 5*m + 161 = 0, u*m = -4*c - m + 173. Calculate the greatest common factor of c and 66.
22
Suppose 0 = -24*q + 20 + 28. Suppose z + 4*z + 20 = 0. Let f be 6/z*16/(-6). What is the highest common divisor of q and f?
2
Let i(h) = 14*h - 4. Let s be i(1). What is the greatest common factor of s and 10?
10
Suppose -3*j - 5*n - 5 = 0, -3*j + 3*n + 37 = 2*j. Calculate the greatest common factor of j and 35.
5
Suppose 5*j + k - 218 = -3*k, -8 = -4*k. Suppose 14 + 4 = 3*o. What is the greatest common divisor of o and j?
6
Suppose -90 = -6*c + c. Suppose 5*f - 57 = c. Suppose -2*m - 2*y = -54, -2*m + 2*y + 96 = m. What is the highest common factor of m and f?
15
Suppose -5*w = -w + 12. Let b be ((-2)/w)/(4/18). Suppose b*p + 4*o - 76 = 2*p, p + 3*o - 79 = 0. What is the greatest common factor of 8 and p?
8
Let j = 4 - 5. Let q be -3 - (j - 2 - 2). Calculate the highest common factor of q and 5.
1
Let p be 6*(1/(-2))/((-2)/6). Suppose 0 = 3*n + 5 - 32. Calculate the greatest common factor of n and p.
9
Let c(r) = -8*r + 21. Let m be c(-7). Suppose 5*o - 32 = 23. What is the greatest common factor of o and m?
11
Let i be (-2)/(-2) + (-1 - 28). Let l be (-708)/42 + 1/(-7). Let r = l - i. Calculate the greatest common divisor of r and 11.
11
Let v = 1 - -2. Suppose -v*x + 2*x = 7. Let k be (-15)/(((-7)/(-6))/x). What is the highest common divisor of 10 and k?
10
Suppose -37 + 127 = 5*g. Calculate the highest common divisor of 90 and g.
18
Suppose -3*j + j + 30 = 0. What is the greatest common factor of j and 45?
15
Let h be 20 - -1*(-10)/5*-2. What is the highest common factor of 3 and h?
3
Suppose 5*x + 27 = -2*v, -v - 5*x = -17 + 43. Let f be 0 - -2*(v + 3). Suppose 0 = -112*a + 116*a - 176. What is the greatest common factor of a and f?
4
Let b be 1406/10 + (-2)/(-5). Let t = 251 - b. Calculate the highest common factor of 10 and t.
10
Let w = -8 + -4. Let k = w - -37. Let o = -16 + k. Calculate the highest common factor of o and 6.
3
Let q be 2/(-1)*(-2)/4. Let m be (1 + q + -1)/1. Let v be m + -2*(-15)/6. What is the highest common divisor of 42 and v?
6
Let g(l) be the first derivative of -2*l**2 - 4*l + 4. Let q = 4 + -8. Let n be g(q). What is the greatest common divisor of 12 and n?
12
Let b(y) = y**2 + 2*y + 2. Let m be 4/((-1)/(-1) + -3). Let w be b(m). Suppose 3*k - 15 - w = -2*h, -2 = -2*k. Calculate the highest common divisor of h and 21.
7
Suppose -4*k + u = -1, 0*u - 2*u - 2 = 0. Suppose 5*v + 0*o - o - 45 = 0, k = o. Calculate the greatest common divisor of v and 99.
9
Suppose 2*v = -s - 0*s - 2, 2*s = -v - 1. Let d = 7 + v. Let t(q) = q**2 + 2*q - 4. Let y be t(-4). Calculate the greatest common divisor of d and y.
2
Let x(d) be the second derivative of -1/2*d**2 + 1/3*d**3 + 0 - 3*d + 5/12*d**4 - 1/20*d**5. Let v be x(5). What is the greatest common divisor of 27 and v?
9
Let u = -184 + 272. Let q = -28 + u. Suppose 3*x - x = 4*o - 66, -q = -5*o - 5*x. Calculate the highest common divisor of o and 5.
5
Let y(a) = -56*a. Let s be y(-2). Calculate the highest common factor of s and 16.
16
Let y = 240 - 44. Let t = 47 - 19. What is the greatest common factor of t and y?
28
Let t be 6/12 - 31/2. Let r be (-16)/(-12)*t/(-2). Let q = 17 - 12. What is the highest common divisor of r and q?
5
Suppose -23 = -2*i + 1. Suppose 20 + 40 = 5*y. What is the greatest common factor of i and y?
12
Suppose 0 = 4*v - 4*y - 20, 0*y = -2*v - 5*y + 38. Let m = 147 - 84. What is the highest common factor of m and v?
9
Let h(f) = f**2 - 4*f - 6. Let l be h(-2). Suppose u + u - 26 = -2*c, -u = -4. What is the highest common factor of c and l?
3
Suppose 0 = 3*l - 5 - 7. Suppose 2*u - 6*u + 374 = 2*m, 3*m + 349 = l*u. What is the highest common divisor of u and 13?
13
Suppose 10 = 7*r - 18. What is the highest common divisor of 4 and r?
4
Suppose 2 = 4*o - 6. Let m be (-1 - o/2)*3. Let q be 2/6 + (-28)/m. Calculate the highest common divisor of 40 and q.
5
Let d be 73 + 92/(-28) + (-2)/(-7). Calculate the greatest common factor of d and 14.
14
Let c 